{"id":3116,"date":"2023-11-18T13:36:00","date_gmt":"2023-11-18T13:36:00","guid":{"rendered":"https:\/\/www.csl-group.com\/se\/?post_type=news&#038;p=3116"},"modified":"2025-03-06T16:34:07","modified_gmt":"2025-03-06T16:34:07","slug":"2g-och-3g-slacks-ned-i-norden-viktig-information","status":"publish","type":"nyheter","link":"https:\/\/www.csl-group.com\/se\/nyheter\/2g-och-3g-slacks-ned-i-norden-viktig-information\/","title":{"rendered":"2g och 3g sl\u00e4cks ned i norden \u2013 viktig information"},"content":{"rendered":"","protected":false},"excerpt":{"rendered":"","protected":false},"featured_media":3118,"parent":0,"menu_order":0,"template":"","class_list":["post-3116","nyheter","type-nyheter","status-publish","has-post-thumbnail","hentry"],"acf":[],"yoast_head":"<!-- This site is optimized with the Yoast SEO Premium plugin v27.1 (Yoast SEO v27.1.1) - https:\/\/yoast.com\/product\/yoast-seo-premium-wordpress\/ -->\n<title>2g och 3g sl\u00e4cks ned i norden \u2013 viktig information - CSL SE<\/title>\n<meta name=\"description\" content=\"De nordiska l\u00e4nderna \u00e4r pionj\u00e4rer inom mobilteknologi och st\u00e4nger f\u00f6rst ned \u00e4ldre n\u00e4t som 3G, tack vare sitt fokus p\u00e5 innovation.\" \/>\n<meta name=\"robots\" content=\"index, follow, max-snippet:-1, max-image-preview:large, max-video-preview:-1\" \/>\n<link rel=\"canonical\" href=\"https:\/\/www.csl-group.com\/se\/nyheter\/2g-och-3g-slacks-ned-i-norden-viktig-information\/\" \/>\n<meta property=\"og:locale\" content=\"en_US\" \/>\n<meta property=\"og:type\" content=\"article\" \/>\n<meta property=\"og:title\" content=\"2g och 3g sl\u00e4cks ned i norden \u2013 viktig information\" \/>\n<meta property=\"og:description\" content=\"De nordiska l\u00e4nderna \u00e4r pionj\u00e4rer inom mobilteknologi och st\u00e4nger f\u00f6rst ned \u00e4ldre n\u00e4t som 3G, tack vare sitt fokus p\u00e5 innovation.\" \/>\n<meta property=\"og:url\" content=\"https:\/\/www.csl-group.com\/se\/nyheter\/2g-och-3g-slacks-ned-i-norden-viktig-information\/\" \/>\n<meta property=\"og:site_name\" content=\"CSL SE\" \/>\n<meta property=\"article:modified_time\" content=\"2025-03-06T16:34:07+00:00\" \/>\n<meta property=\"og:image\" content=\"https:\/\/www.csl-group.com\/se\/wp-content\/uploads\/sites\/5\/2025\/02\/NETWORK_TOWER_SCANDINAVIAN_FORESTiStock-1664863559.jpg.webp\" \/>\n\t<meta property=\"og:image:width\" content=\"620\" \/>\n\t<meta property=\"og:image:height\" content=\"480\" \/>\n\t<meta property=\"og:image:type\" content=\"image\/jpeg\" \/>\n<meta name=\"twitter:card\" content=\"summary_large_image\" \/>\n<meta name=\"twitter:label1\" content=\"Est. reading time\" \/>\n\t<meta name=\"twitter:data1\" content=\"1 minute\" \/>\n<script type=\"application\/ld+json\" class=\"yoast-schema-graph\">{\"@context\":\"https:\/\/schema.org\",\"@graph\":[{\"@type\":\"WebPage\",\"@id\":\"https:\/\/www.csl-group.com\/se\/nyheter\/2g-och-3g-slacks-ned-i-norden-viktig-information\/\",\"url\":\"https:\/\/www.csl-group.com\/se\/nyheter\/2g-och-3g-slacks-ned-i-norden-viktig-information\/\",\"name\":\"2g och 3g sl\u00e4cks ned i norden \u2013 viktig information - CSL SE\",\"isPartOf\":{\"@id\":\"https:\/\/www.csl-group.com\/se\/#website\"},\"primaryImageOfPage\":{\"@id\":\"https:\/\/www.csl-group.com\/se\/nyheter\/2g-och-3g-slacks-ned-i-norden-viktig-information\/#primaryimage\"},\"image\":{\"@id\":\"https:\/\/www.csl-group.com\/se\/nyheter\/2g-och-3g-slacks-ned-i-norden-viktig-information\/#primaryimage\"},\"thumbnailUrl\":\"https:\/\/www.csl-group.com\/se\/wp-content\/uploads\/sites\/5\/2025\/02\/NETWORK_TOWER_SCANDINAVIAN_FORESTiStock-1664863559.jpg.webp\",\"datePublished\":\"2023-11-18T13:36:00+00:00\",\"dateModified\":\"2025-03-06T16:34:07+00:00\",\"description\":\"De nordiska l\u00e4nderna \u00e4r pionj\u00e4rer inom mobilteknologi och st\u00e4nger f\u00f6rst ned \u00e4ldre n\u00e4t som 3G, tack vare sitt fokus p\u00e5 innovation.\",\"breadcrumb\":{\"@id\":\"https:\/\/www.csl-group.com\/se\/nyheter\/2g-och-3g-slacks-ned-i-norden-viktig-information\/#breadcrumb\"},\"inLanguage\":\"en-US\",\"potentialAction\":[{\"@type\":\"ReadAction\",\"target\":[\"https:\/\/www.csl-group.com\/se\/nyheter\/2g-och-3g-slacks-ned-i-norden-viktig-information\/\"]}]},{\"@type\":\"ImageObject\",\"inLanguage\":\"en-US\",\"@id\":\"https:\/\/www.csl-group.com\/se\/nyheter\/2g-och-3g-slacks-ned-i-norden-viktig-information\/#primaryimage\",\"url\":\"https:\/\/www.csl-group.com\/se\/wp-content\/uploads\/sites\/5\/2025\/02\/NETWORK_TOWER_SCANDINAVIAN_FORESTiStock-1664863559.jpg.webp\",\"contentUrl\":\"https:\/\/www.csl-group.com\/se\/wp-content\/uploads\/sites\/5\/2025\/02\/NETWORK_TOWER_SCANDINAVIAN_FORESTiStock-1664863559.jpg.webp\",\"width\":620,\"height\":480,\"caption\":\"Lookout tower in the middle of snowcapped forest at sunrise. Aerial view.\"},{\"@type\":\"BreadcrumbList\",\"@id\":\"https:\/\/www.csl-group.com\/se\/nyheter\/2g-och-3g-slacks-ned-i-norden-viktig-information\/#breadcrumb\",\"itemListElement\":[{\"@type\":\"ListItem\",\"position\":1,\"name\":\"Home\",\"item\":\"https:\/\/www.csl-group.com\/se\/\"},{\"@type\":\"ListItem\",\"position\":2,\"name\":\"2g och 3g sl\u00e4cks ned i norden \u2013 viktig information\"}]},{\"@type\":\"WebSite\",\"@id\":\"https:\/\/www.csl-group.com\/se\/#website\",\"url\":\"https:\/\/www.csl-group.com\/se\/\",\"name\":\"CSL\",\"description\":\"\",\"potentialAction\":[{\"@type\":\"SearchAction\",\"target\":{\"@type\":\"EntryPoint\",\"urlTemplate\":\"https:\/\/www.csl-group.com\/se\/?s={search_term_string}\"},\"query-input\":{\"@type\":\"PropertyValueSpecification\",\"valueRequired\":true,\"valueName\":\"search_term_string\"}}],\"inLanguage\":\"en-US\"}]}<\/script>\n<!-- \/ Yoast SEO Premium plugin. -->","yoast_head_json":{"title":"2g och 3g sl\u00e4cks ned i norden \u2013 viktig information - CSL SE","description":"De nordiska l\u00e4nderna \u00e4r pionj\u00e4rer inom mobilteknologi och st\u00e4nger f\u00f6rst ned \u00e4ldre n\u00e4t som 3G, tack vare sitt fokus p\u00e5 innovation.","robots":{"index":"index","follow":"follow","max-snippet":"max-snippet:-1","max-image-preview":"max-image-preview:large","max-video-preview":"max-video-preview:-1"},"canonical":"https:\/\/www.csl-group.com\/se\/nyheter\/2g-och-3g-slacks-ned-i-norden-viktig-information\/","og_locale":"en_US","og_type":"article","og_title":"2g och 3g sl\u00e4cks ned i norden \u2013 viktig information","og_description":"De nordiska l\u00e4nderna \u00e4r pionj\u00e4rer inom mobilteknologi och st\u00e4nger f\u00f6rst ned \u00e4ldre n\u00e4t som 3G, tack vare sitt fokus p\u00e5 innovation.","og_url":"https:\/\/www.csl-group.com\/se\/nyheter\/2g-och-3g-slacks-ned-i-norden-viktig-information\/","og_site_name":"CSL SE","article_modified_time":"2025-03-06T16:34:07+00:00","og_image":[{"width":620,"height":480,"url":"https:\/\/www.csl-group.com\/se\/wp-content\/uploads\/sites\/5\/2025\/02\/NETWORK_TOWER_SCANDINAVIAN_FORESTiStock-1664863559.jpg.webp","type":"image\/jpeg"}],"twitter_card":"summary_large_image","twitter_misc":{"Est. reading time":"1 minute"},"schema":{"@context":"https:\/\/schema.org","@graph":[{"@type":"WebPage","@id":"https:\/\/www.csl-group.com\/se\/nyheter\/2g-och-3g-slacks-ned-i-norden-viktig-information\/","url":"https:\/\/www.csl-group.com\/se\/nyheter\/2g-och-3g-slacks-ned-i-norden-viktig-information\/","name":"2g och 3g sl\u00e4cks ned i norden \u2013 viktig information - CSL SE","isPartOf":{"@id":"https:\/\/www.csl-group.com\/se\/#website"},"primaryImageOfPage":{"@id":"https:\/\/www.csl-group.com\/se\/nyheter\/2g-och-3g-slacks-ned-i-norden-viktig-information\/#primaryimage"},"image":{"@id":"https:\/\/www.csl-group.com\/se\/nyheter\/2g-och-3g-slacks-ned-i-norden-viktig-information\/#primaryimage"},"thumbnailUrl":"https:\/\/www.csl-group.com\/se\/wp-content\/uploads\/sites\/5\/2025\/02\/NETWORK_TOWER_SCANDINAVIAN_FORESTiStock-1664863559.jpg.webp","datePublished":"2023-11-18T13:36:00+00:00","dateModified":"2025-03-06T16:34:07+00:00","description":"De nordiska l\u00e4nderna \u00e4r pionj\u00e4rer inom mobilteknologi och st\u00e4nger f\u00f6rst ned \u00e4ldre n\u00e4t som 3G, tack vare sitt fokus p\u00e5 innovation.","breadcrumb":{"@id":"https:\/\/www.csl-group.com\/se\/nyheter\/2g-och-3g-slacks-ned-i-norden-viktig-information\/#breadcrumb"},"inLanguage":"en-US","potentialAction":[{"@type":"ReadAction","target":["https:\/\/www.csl-group.com\/se\/nyheter\/2g-och-3g-slacks-ned-i-norden-viktig-information\/"]}]},{"@type":"ImageObject","inLanguage":"en-US","@id":"https:\/\/www.csl-group.com\/se\/nyheter\/2g-och-3g-slacks-ned-i-norden-viktig-information\/#primaryimage","url":"https:\/\/www.csl-group.com\/se\/wp-content\/uploads\/sites\/5\/2025\/02\/NETWORK_TOWER_SCANDINAVIAN_FORESTiStock-1664863559.jpg.webp","contentUrl":"https:\/\/www.csl-group.com\/se\/wp-content\/uploads\/sites\/5\/2025\/02\/NETWORK_TOWER_SCANDINAVIAN_FORESTiStock-1664863559.jpg.webp","width":620,"height":480,"caption":"Lookout tower in the middle of snowcapped forest at sunrise. Aerial view."},{"@type":"BreadcrumbList","@id":"https:\/\/www.csl-group.com\/se\/nyheter\/2g-och-3g-slacks-ned-i-norden-viktig-information\/#breadcrumb","itemListElement":[{"@type":"ListItem","position":1,"name":"Home","item":"https:\/\/www.csl-group.com\/se\/"},{"@type":"ListItem","position":2,"name":"2g och 3g sl\u00e4cks ned i norden \u2013 viktig information"}]},{"@type":"WebSite","@id":"https:\/\/www.csl-group.com\/se\/#website","url":"https:\/\/www.csl-group.com\/se\/","name":"CSL","description":"","potentialAction":[{"@type":"SearchAction","target":{"@type":"EntryPoint","urlTemplate":"https:\/\/www.csl-group.com\/se\/?s={search_term_string}"},"query-input":{"@type":"PropertyValueSpecification","valueRequired":true,"valueName":"search_term_string"}}],"inLanguage":"en-US"}]}},"_links":{"self":[{"href":"https:\/\/www.csl-group.com\/se\/wp-json\/wp\/v2\/nyheter\/3116","targetHints":{"allow":["GET"]}}],"collection":[{"href":"https:\/\/www.csl-group.com\/se\/wp-json\/wp\/v2\/nyheter"}],"about":[{"href":"https:\/\/www.csl-group.com\/se\/wp-json\/wp\/v2\/types\/nyheter"}],"wp:featuredmedia":[{"embeddable":true,"href":"https:\/\/www.csl-group.com\/se\/wp-json\/wp\/v2\/media\/3118"}],"wp:attachment":[{"href":"https:\/\/www.csl-group.com\/se\/wp-json\/wp\/v2\/media?parent=3116"}],"curies":[{"name":"wp","href":"https:\/\/api.w.org\/{rel}","templated":true}]}}

2g och 3g släcks ned i norden – viktig information

<!-- This site is optimized with the Yoast SEO Premium plugin v27.1 (Yoast SEO v27.1.1) - https://yoast.com/product/yoast-seo-premium-wordpress/ -->
<title>2g och 3g släcks ned i norden – viktig information - CSL SE</title>
<meta name="description" content="De nordiska länderna är pionjärer inom mobilteknologi och stänger först ned äldre nät som 3G, tack vare sitt fokus på innovation." />
<meta name="robots" content="index, follow, max-snippet:-1, max-image-preview:large, max-video-preview:-1" />
<link rel="canonical" href="https://www.csl-group.com/se/nyheter/2g-och-3g-slacks-ned-i-norden-viktig-information/" />
<meta property="og:locale" content="en_US" />
<meta property="og:type" content="article" />
<meta property="og:title" content="2g och 3g släcks ned i norden – viktig information" />
<meta property="og:description" content="De nordiska länderna är pionjärer inom mobilteknologi och stänger först ned äldre nät som 3G, tack vare sitt fokus på innovation." />
<meta property="og:url" content="https://www.csl-group.com/se/nyheter/2g-och-3g-slacks-ned-i-norden-viktig-information/" />
<meta property="og:site_name" content="CSL SE" />
<meta property="article:modified_time" content="2025-03-06T16:34:07+00:00" />
<meta property="og:image" content="https://www.csl-group.com/se/wp-content/uploads/sites/5/2025/02/NETWORK_TOWER_SCANDINAVIAN_FORESTiStock-1664863559.jpg.webp" />
	<meta property="og:image:width" content="620" />
	<meta property="og:image:height" content="480" />
	<meta property="og:image:type" content="image/jpeg" />
<meta name="twitter:card" content="summary_large_image" />
<meta name="twitter:label1" content="Est. reading time" />
	<meta name="twitter:data1" content="1 minute" />
<script type="application/ld+json" class="yoast-schema-graph">{"@context":"https://schema.org","@graph":[{"@type":"WebPage","@id":"https://www.csl-group.com/se/nyheter/2g-och-3g-slacks-ned-i-norden-viktig-information/","url":"https://www.csl-group.com/se/nyheter/2g-och-3g-slacks-ned-i-norden-viktig-information/","name":"2g och 3g släcks ned i norden – viktig information - CSL SE","isPartOf":{"@id":"https://www.csl-group.com/se/#website"},"primaryImageOfPage":{"@id":"https://www.csl-group.com/se/nyheter/2g-och-3g-slacks-ned-i-norden-viktig-information/#primaryimage"},"image":{"@id":"https://www.csl-group.com/se/nyheter/2g-och-3g-slacks-ned-i-norden-viktig-information/#primaryimage"},"thumbnailUrl":"https://www.csl-group.com/se/wp-content/uploads/sites/5/2025/02/NETWORK_TOWER_SCANDINAVIAN_FORESTiStock-1664863559.jpg.webp","datePublished":"2023-11-18T13:36:00+00:00","dateModified":"2025-03-06T16:34:07+00:00","description":"De nordiska länderna är pionjärer inom mobilteknologi och stänger först ned äldre nät som 3G, tack vare sitt fokus på innovation.","breadcrumb":{"@id":"https://www.csl-group.com/se/nyheter/2g-och-3g-slacks-ned-i-norden-viktig-information/#breadcrumb"},"inLanguage":"en-US","potentialAction":[{"@type":"ReadAction","target":["https://www.csl-group.com/se/nyheter/2g-och-3g-slacks-ned-i-norden-viktig-information/"]}]},{"@type":"ImageObject","inLanguage":"en-US","@id":"https://www.csl-group.com/se/nyheter/2g-och-3g-slacks-ned-i-norden-viktig-information/#primaryimage","url":"https://www.csl-group.com/se/wp-content/uploads/sites/5/2025/02/NETWORK_TOWER_SCANDINAVIAN_FORESTiStock-1664863559.jpg.webp","contentUrl":"https://www.csl-group.com/se/wp-content/uploads/sites/5/2025/02/NETWORK_TOWER_SCANDINAVIAN_FORESTiStock-1664863559.jpg.webp","width":620,"height":480,"caption":"Lookout tower in the middle of snowcapped forest at sunrise. Aerial view."},{"@type":"BreadcrumbList","@id":"https://www.csl-group.com/se/nyheter/2g-och-3g-slacks-ned-i-norden-viktig-information/#breadcrumb","itemListElement":[{"@type":"ListItem","position":1,"name":"Home","item":"https://www.csl-group.com/se/"},{"@type":"ListItem","position":2,"name":"2g och 3g släcks ned i norden – viktig information"}]},{"@type":"WebSite","@id":"https://www.csl-group.com/se/#website","url":"https://www.csl-group.com/se/","name":"CSL","description":"","potentialAction":[{"@type":"SearchAction","target":{"@type":"EntryPoint","urlTemplate":"https://www.csl-group.com/se/?s={search_term_string}"},"query-input":{"@type":"PropertyValueSpecification","valueRequired":true,"valueName":"search_term_string"}}],"inLanguage":"en-US"}]}</script>
<!-- / Yoast SEO Premium plugin. -->

2g och 3g släcks ned i norden – viktig information - CSL SE

De nordiska länderna är pionjärer inom mobilteknologi och stänger först ned äldre nät som 3G, tack vare sitt fokus på innovation.
