{"id":2450,"date":"2024-05-07T20:36:00","date_gmt":"2024-05-07T20:36:00","guid":{"rendered":"https:\/\/www.csl-group.com\/se\/?post_type=news&#038;p=2450"},"modified":"2025-03-06T16:03:07","modified_gmt":"2025-03-06T16:03:07","slug":"greville-coe-ansluter-sig-till-csl-som-chief-commercial-officer","status":"publish","type":"nyheter","link":"https:\/\/www.csl-group.com\/se\/nyheter\/greville-coe-ansluter-sig-till-csl-som-chief-commercial-officer\/","title":{"rendered":"Greville Coe g\u00e5r med i CSL som Chief Commercial Officer"},"content":{"rendered":"","protected":false},"excerpt":{"rendered":"<p>Greville Coe g\u00e5r med i CSL som Chief Commercial Officer<\/p>\n","protected":false},"featured_media":2451,"parent":0,"menu_order":0,"template":"","class_list":["post-2450","nyheter","type-nyheter","status-publish","has-post-thumbnail","hentry"],"acf":[],"yoast_head":"<!-- This site is optimized with the Yoast SEO Premium plugin v27.1 (Yoast SEO v27.1.1) - https:\/\/yoast.com\/product\/yoast-seo-premium-wordpress\/ -->\n<title>Greville Coe ansluter till CSL som Chief Commercial Officer<\/title>\n<meta name=\"description\" content=\"Greville Coe ansluter till CSL som Chief Commercial Officer f\u00f6r att st\u00e4rka IoT-anslutningstillv\u00e4xten p\u00e5 CSL och bidra med en stor erfarenhet.\" \/>\n<meta name=\"robots\" content=\"index, follow, max-snippet:-1, max-image-preview:large, max-video-preview:-1\" \/>\n<link rel=\"canonical\" href=\"https:\/\/www.csl-group.com\/se\/nyheter\/greville-coe-ansluter-sig-till-csl-som-chief-commercial-officer\/\" \/>\n<meta property=\"og:locale\" content=\"en_US\" \/>\n<meta property=\"og:type\" content=\"article\" \/>\n<meta property=\"og:title\" content=\"Greville Coe g\u00e5r med i CSL som Chief Commercial Officer\" \/>\n<meta property=\"og:description\" content=\"Greville Coe ansluter till CSL som Chief Commercial Officer f\u00f6r att st\u00e4rka IoT-anslutningstillv\u00e4xten p\u00e5 CSL och bidra med en stor erfarenhet.\" \/>\n<meta property=\"og:url\" content=\"https:\/\/www.csl-group.com\/se\/nyheter\/greville-coe-ansluter-sig-till-csl-som-chief-commercial-officer\/\" \/>\n<meta property=\"og:site_name\" content=\"CSL SE\" \/>\n<meta property=\"article:modified_time\" content=\"2025-03-06T16:03:07+00:00\" \/>\n<meta property=\"og:image\" content=\"https:\/\/www.csl-group.com\/se\/wp-content\/uploads\/sites\/5\/2025\/02\/Greville_Coe_Headshot_NEWS.jpg.webp\" \/>\n\t<meta property=\"og:image:width\" content=\"620\" \/>\n\t<meta property=\"og:image:height\" content=\"480\" \/>\n\t<meta property=\"og:image:type\" content=\"image\/jpeg\" \/>\n<meta name=\"twitter:card\" content=\"summary_large_image\" \/>\n<meta name=\"twitter:label1\" content=\"Est. reading time\" \/>\n\t<meta name=\"twitter:data1\" content=\"1 minute\" \/>\n<script type=\"application\/ld+json\" class=\"yoast-schema-graph\">{\"@context\":\"https:\/\/schema.org\",\"@graph\":[{\"@type\":\"WebPage\",\"@id\":\"https:\/\/www.csl-group.com\/se\/nyheter\/greville-coe-ansluter-sig-till-csl-som-chief-commercial-officer\/\",\"url\":\"https:\/\/www.csl-group.com\/se\/nyheter\/greville-coe-ansluter-sig-till-csl-som-chief-commercial-officer\/\",\"name\":\"Greville Coe ansluter till CSL som Chief Commercial Officer\",\"isPartOf\":{\"@id\":\"https:\/\/www.csl-group.com\/se\/#website\"},\"primaryImageOfPage\":{\"@id\":\"https:\/\/www.csl-group.com\/se\/nyheter\/greville-coe-ansluter-sig-till-csl-som-chief-commercial-officer\/#primaryimage\"},\"image\":{\"@id\":\"https:\/\/www.csl-group.com\/se\/nyheter\/greville-coe-ansluter-sig-till-csl-som-chief-commercial-officer\/#primaryimage\"},\"thumbnailUrl\":\"https:\/\/www.csl-group.com\/se\/wp-content\/uploads\/sites\/5\/2025\/02\/Greville_Coe_Headshot_NEWS.jpg.webp\",\"datePublished\":\"2024-05-07T20:36:00+00:00\",\"dateModified\":\"2025-03-06T16:03:07+00:00\",\"description\":\"Greville Coe ansluter till CSL som Chief Commercial Officer f\u00f6r att st\u00e4rka IoT-anslutningstillv\u00e4xten p\u00e5 CSL och bidra med en stor erfarenhet.\",\"breadcrumb\":{\"@id\":\"https:\/\/www.csl-group.com\/se\/nyheter\/greville-coe-ansluter-sig-till-csl-som-chief-commercial-officer\/#breadcrumb\"},\"inLanguage\":\"en-US\",\"potentialAction\":[{\"@type\":\"ReadAction\",\"target\":[\"https:\/\/www.csl-group.com\/se\/nyheter\/greville-coe-ansluter-sig-till-csl-som-chief-commercial-officer\/\"]}]},{\"@type\":\"ImageObject\",\"inLanguage\":\"en-US\",\"@id\":\"https:\/\/www.csl-group.com\/se\/nyheter\/greville-coe-ansluter-sig-till-csl-som-chief-commercial-officer\/#primaryimage\",\"url\":\"https:\/\/www.csl-group.com\/se\/wp-content\/uploads\/sites\/5\/2025\/02\/Greville_Coe_Headshot_NEWS.jpg.webp\",\"contentUrl\":\"https:\/\/www.csl-group.com\/se\/wp-content\/uploads\/sites\/5\/2025\/02\/Greville_Coe_Headshot_NEWS.jpg.webp\",\"width\":620,\"height\":480,\"caption\":\"Fotografier av anst\u00e4llda\"},{\"@type\":\"BreadcrumbList\",\"@id\":\"https:\/\/www.csl-group.com\/se\/nyheter\/greville-coe-ansluter-sig-till-csl-som-chief-commercial-officer\/#breadcrumb\",\"itemListElement\":[{\"@type\":\"ListItem\",\"position\":1,\"name\":\"Home\",\"item\":\"https:\/\/www.csl-group.com\/se\/\"},{\"@type\":\"ListItem\",\"position\":2,\"name\":\"Greville Coe g\u00e5r med i CSL som Chief Commercial Officer\"}]},{\"@type\":\"WebSite\",\"@id\":\"https:\/\/www.csl-group.com\/se\/#website\",\"url\":\"https:\/\/www.csl-group.com\/se\/\",\"name\":\"CSL\",\"description\":\"\",\"potentialAction\":[{\"@type\":\"SearchAction\",\"target\":{\"@type\":\"EntryPoint\",\"urlTemplate\":\"https:\/\/www.csl-group.com\/se\/?s={search_term_string}\"},\"query-input\":{\"@type\":\"PropertyValueSpecification\",\"valueRequired\":true,\"valueName\":\"search_term_string\"}}],\"inLanguage\":\"en-US\"}]}<\/script>\n<!-- \/ Yoast SEO Premium plugin. -->","yoast_head_json":{"title":"Greville Coe ansluter till CSL som Chief Commercial Officer","description":"Greville Coe ansluter till CSL som Chief Commercial Officer f\u00f6r att st\u00e4rka IoT-anslutningstillv\u00e4xten p\u00e5 CSL och bidra med en stor erfarenhet.","robots":{"index":"index","follow":"follow","max-snippet":"max-snippet:-1","max-image-preview":"max-image-preview:large","max-video-preview":"max-video-preview:-1"},"canonical":"https:\/\/www.csl-group.com\/se\/nyheter\/greville-coe-ansluter-sig-till-csl-som-chief-commercial-officer\/","og_locale":"en_US","og_type":"article","og_title":"Greville Coe g\u00e5r med i CSL som Chief Commercial Officer","og_description":"Greville Coe ansluter till CSL som Chief Commercial Officer f\u00f6r att st\u00e4rka IoT-anslutningstillv\u00e4xten p\u00e5 CSL och bidra med en stor erfarenhet.","og_url":"https:\/\/www.csl-group.com\/se\/nyheter\/greville-coe-ansluter-sig-till-csl-som-chief-commercial-officer\/","og_site_name":"CSL SE","article_modified_time":"2025-03-06T16:03:07+00:00","og_image":[{"width":620,"height":480,"url":"https:\/\/www.csl-group.com\/se\/wp-content\/uploads\/sites\/5\/2025\/02\/Greville_Coe_Headshot_NEWS.jpg.webp","type":"image\/jpeg"}],"twitter_card":"summary_large_image","twitter_misc":{"Est. reading time":"1 minute"},"schema":{"@context":"https:\/\/schema.org","@graph":[{"@type":"WebPage","@id":"https:\/\/www.csl-group.com\/se\/nyheter\/greville-coe-ansluter-sig-till-csl-som-chief-commercial-officer\/","url":"https:\/\/www.csl-group.com\/se\/nyheter\/greville-coe-ansluter-sig-till-csl-som-chief-commercial-officer\/","name":"Greville Coe ansluter till CSL som Chief Commercial Officer","isPartOf":{"@id":"https:\/\/www.csl-group.com\/se\/#website"},"primaryImageOfPage":{"@id":"https:\/\/www.csl-group.com\/se\/nyheter\/greville-coe-ansluter-sig-till-csl-som-chief-commercial-officer\/#primaryimage"},"image":{"@id":"https:\/\/www.csl-group.com\/se\/nyheter\/greville-coe-ansluter-sig-till-csl-som-chief-commercial-officer\/#primaryimage"},"thumbnailUrl":"https:\/\/www.csl-group.com\/se\/wp-content\/uploads\/sites\/5\/2025\/02\/Greville_Coe_Headshot_NEWS.jpg.webp","datePublished":"2024-05-07T20:36:00+00:00","dateModified":"2025-03-06T16:03:07+00:00","description":"Greville Coe ansluter till CSL som Chief Commercial Officer f\u00f6r att st\u00e4rka IoT-anslutningstillv\u00e4xten p\u00e5 CSL och bidra med en stor erfarenhet.","breadcrumb":{"@id":"https:\/\/www.csl-group.com\/se\/nyheter\/greville-coe-ansluter-sig-till-csl-som-chief-commercial-officer\/#breadcrumb"},"inLanguage":"en-US","potentialAction":[{"@type":"ReadAction","target":["https:\/\/www.csl-group.com\/se\/nyheter\/greville-coe-ansluter-sig-till-csl-som-chief-commercial-officer\/"]}]},{"@type":"ImageObject","inLanguage":"en-US","@id":"https:\/\/www.csl-group.com\/se\/nyheter\/greville-coe-ansluter-sig-till-csl-som-chief-commercial-officer\/#primaryimage","url":"https:\/\/www.csl-group.com\/se\/wp-content\/uploads\/sites\/5\/2025\/02\/Greville_Coe_Headshot_NEWS.jpg.webp","contentUrl":"https:\/\/www.csl-group.com\/se\/wp-content\/uploads\/sites\/5\/2025\/02\/Greville_Coe_Headshot_NEWS.jpg.webp","width":620,"height":480,"caption":"Fotografier av anst\u00e4llda"},{"@type":"BreadcrumbList","@id":"https:\/\/www.csl-group.com\/se\/nyheter\/greville-coe-ansluter-sig-till-csl-som-chief-commercial-officer\/#breadcrumb","itemListElement":[{"@type":"ListItem","position":1,"name":"Home","item":"https:\/\/www.csl-group.com\/se\/"},{"@type":"ListItem","position":2,"name":"Greville Coe g\u00e5r med i CSL som Chief Commercial Officer"}]},{"@type":"WebSite","@id":"https:\/\/www.csl-group.com\/se\/#website","url":"https:\/\/www.csl-group.com\/se\/","name":"CSL","description":"","potentialAction":[{"@type":"SearchAction","target":{"@type":"EntryPoint","urlTemplate":"https:\/\/www.csl-group.com\/se\/?s={search_term_string}"},"query-input":{"@type":"PropertyValueSpecification","valueRequired":true,"valueName":"search_term_string"}}],"inLanguage":"en-US"}]}},"_links":{"self":[{"href":"https:\/\/www.csl-group.com\/se\/wp-json\/wp\/v2\/nyheter\/2450","targetHints":{"allow":["GET"]}}],"collection":[{"href":"https:\/\/www.csl-group.com\/se\/wp-json\/wp\/v2\/nyheter"}],"about":[{"href":"https:\/\/www.csl-group.com\/se\/wp-json\/wp\/v2\/types\/nyheter"}],"wp:featuredmedia":[{"embeddable":true,"href":"https:\/\/www.csl-group.com\/se\/wp-json\/wp\/v2\/media\/2451"}],"wp:attachment":[{"href":"https:\/\/www.csl-group.com\/se\/wp-json\/wp\/v2\/media?parent=2450"}],"curies":[{"name":"wp","href":"https:\/\/api.w.org\/{rel}","templated":true}]}}

Greville Coe går med i CSL som Chief Commercial Officer

<p>Greville Coe går med i CSL som Chief Commercial Officer</p>

<!-- This site is optimized with the Yoast SEO Premium plugin v27.1 (Yoast SEO v27.1.1) - https://yoast.com/product/yoast-seo-premium-wordpress/ -->
<title>Greville Coe ansluter till CSL som Chief Commercial Officer</title>
<meta name="description" content="Greville Coe ansluter till CSL som Chief Commercial Officer för att stärka IoT-anslutningstillväxten på CSL och bidra med en stor erfarenhet." />
<meta name="robots" content="index, follow, max-snippet:-1, max-image-preview:large, max-video-preview:-1" />
<link rel="canonical" href="https://www.csl-group.com/se/nyheter/greville-coe-ansluter-sig-till-csl-som-chief-commercial-officer/" />
<meta property="og:locale" content="en_US" />
<meta property="og:type" content="article" />
<meta property="og:title" content="Greville Coe går med i CSL som Chief Commercial Officer" />
<meta property="og:description" content="Greville Coe ansluter till CSL som Chief Commercial Officer för att stärka IoT-anslutningstillväxten på CSL och bidra med en stor erfarenhet." />
<meta property="og:url" content="https://www.csl-group.com/se/nyheter/greville-coe-ansluter-sig-till-csl-som-chief-commercial-officer/" />
<meta property="og:site_name" content="CSL SE" />
<meta property="article:modified_time" content="2025-03-06T16:03:07+00:00" />
<meta property="og:image" content="https://www.csl-group.com/se/wp-content/uploads/sites/5/2025/02/Greville_Coe_Headshot_NEWS.jpg.webp" />
	<meta property="og:image:width" content="620" />
	<meta property="og:image:height" content="480" />
	<meta property="og:image:type" content="image/jpeg" />
<meta name="twitter:card" content="summary_large_image" />
<meta name="twitter:label1" content="Est. reading time" />
	<meta name="twitter:data1" content="1 minute" />
<script type="application/ld+json" class="yoast-schema-graph">{"@context":"https://schema.org","@graph":[{"@type":"WebPage","@id":"https://www.csl-group.com/se/nyheter/greville-coe-ansluter-sig-till-csl-som-chief-commercial-officer/","url":"https://www.csl-group.com/se/nyheter/greville-coe-ansluter-sig-till-csl-som-chief-commercial-officer/","name":"Greville Coe ansluter till CSL som Chief Commercial Officer","isPartOf":{"@id":"https://www.csl-group.com/se/#website"},"primaryImageOfPage":{"@id":"https://www.csl-group.com/se/nyheter/greville-coe-ansluter-sig-till-csl-som-chief-commercial-officer/#primaryimage"},"image":{"@id":"https://www.csl-group.com/se/nyheter/greville-coe-ansluter-sig-till-csl-som-chief-commercial-officer/#primaryimage"},"thumbnailUrl":"https://www.csl-group.com/se/wp-content/uploads/sites/5/2025/02/Greville_Coe_Headshot_NEWS.jpg.webp","datePublished":"2024-05-07T20:36:00+00:00","dateModified":"2025-03-06T16:03:07+00:00","description":"Greville Coe ansluter till CSL som Chief Commercial Officer för att stärka IoT-anslutningstillväxten på CSL och bidra med en stor erfarenhet.","breadcrumb":{"@id":"https://www.csl-group.com/se/nyheter/greville-coe-ansluter-sig-till-csl-som-chief-commercial-officer/#breadcrumb"},"inLanguage":"en-US","potentialAction":[{"@type":"ReadAction","target":["https://www.csl-group.com/se/nyheter/greville-coe-ansluter-sig-till-csl-som-chief-commercial-officer/"]}]},{"@type":"ImageObject","inLanguage":"en-US","@id":"https://www.csl-group.com/se/nyheter/greville-coe-ansluter-sig-till-csl-som-chief-commercial-officer/#primaryimage","url":"https://www.csl-group.com/se/wp-content/uploads/sites/5/2025/02/Greville_Coe_Headshot_NEWS.jpg.webp","contentUrl":"https://www.csl-group.com/se/wp-content/uploads/sites/5/2025/02/Greville_Coe_Headshot_NEWS.jpg.webp","width":620,"height":480,"caption":"Fotografier av anställda"},{"@type":"BreadcrumbList","@id":"https://www.csl-group.com/se/nyheter/greville-coe-ansluter-sig-till-csl-som-chief-commercial-officer/#breadcrumb","itemListElement":[{"@type":"ListItem","position":1,"name":"Home","item":"https://www.csl-group.com/se/"},{"@type":"ListItem","position":2,"name":"Greville Coe går med i CSL som Chief Commercial Officer"}]},{"@type":"WebSite","@id":"https://www.csl-group.com/se/#website","url":"https://www.csl-group.com/se/","name":"CSL","description":"","potentialAction":[{"@type":"SearchAction","target":{"@type":"EntryPoint","urlTemplate":"https://www.csl-group.com/se/?s={search_term_string}"},"query-input":{"@type":"PropertyValueSpecification","valueRequired":true,"valueName":"search_term_string"}}],"inLanguage":"en-US"}]}</script>
<!-- / Yoast SEO Premium plugin. -->

Greville Coe ansluter till CSL som Chief Commercial Officer för att stärka IoT-anslutningstillväxten på CSL och bidra med en stor erfarenhet.

Fotografier av anställda
